{"id":22,"date":"2023-04-27T10:22:04","date_gmt":"2023-04-27T08:22:04","guid":{"rendered":"https:\/\/pl.lugrest.com\/?page_id=22"},"modified":"2025-02-04T10:00:39","modified_gmt":"2025-02-04T09:00:39","slug":"o-nas","status":"publish","type":"page","link":"https:\/\/pl.lugrest.com\/?page_id=22","title":{"rendered":"O Nas"},"content":{"rendered":"\n<div class=\"wp-block-media-text alignwide has-media-on-the-right is-stacked-on-mobile is-vertically-aligned-center\" style=\"grid-template-columns:auto 53%\"><div class=\"wp-block-media-text__content\">\n<p class=\"has-medium-font-size\">Za\u0142o\u017cona z pasj\u0105 do jako\u015bci i dba\u0142o\u015bci\u0105 o zdrowie, LUGREST jest zaufan\u0105 mark\u0105 na rynku hurtowym od kilku lat. Nasza podr\u00f3\u017c rozpocz\u0119\u0142a si\u0119 od prostej wizji: dostarczania najwy\u017cszej jako\u015bci orzech\u00f3w, suszonych owoc\u00f3w, przypraw, nasion, kasz i fasoli klientom, kt\u00f3rzy ceni\u0105 jako\u015b\u0107 i \u015bwie\u017co\u015b\u0107.<\/p>\n\n\n\n<p class=\"has-medium-font-size\">Nasi za\u0142o\u017cyciele rozpocz\u0119li LUGREST z bardzo ma\u0142ym zespo\u0142em i wielkim marzeniem. Z skromnych pocz\u0105tk\u00f3w rozwijamy si\u0119, staj\u0105c si\u0119 wiod\u0105cym hurtownikiem, znanym z naszego zaanga\u017cowania w pozyskiwanie najlepszych produkt\u00f3w z ca\u0142ego \u015bwiata. Ka\u017cdy produkt jest starannie wybierany, aby spe\u0142nia\u0142 nasze wysokie standardy.<\/p>\n\n\n\n<p class=\"has-medium-font-size\">Przez lata zbudowali\u015bmy silne relacje zar\u00f3wno z dostawcami, jak i klientami. Nasze zaanga\u017cowanie w jako\u015b\u0107 i obs\u0142ug\u0119 zyska\u0142o nam reputacj\u0119 doskona\u0142o\u015bci. Jeste\u015bmy dumni z naszych skrupulatnych proces\u00f3w pakowania, kt\u00f3re gwarantuj\u0105, \u017ce nasze produkty zachowuj\u0105 swoje naturalne smaki i warto\u015bci od\u017cywcze.<\/p>\n\n\n\n<p class=\"has-medium-font-size\">Kontynuuj\u0105c nasz rozw\u00f3j, nasza misja pozostaje niezmienna: dostarczanie Pa\u0144stwu najwy\u017cszej jako\u015bci produkt\u00f3w i wyj\u0105tkowej obs\u0142ugi. Jeste\u015bmy wdzi\u0119czni naszym lojalnym klientom i partnerom, kt\u00f3rzy wspierali nas w tej niesamowitej podr\u00f3\u017cy. Razem cieszymy si\u0119 na kolejne lata dostarczania zdrowej dobroci.<\/p>\n<\/div><figure class=\"wp-block-media-text__media\"><img decoding=\"async\" src=\"https:\/\/lugrest.com\/wp-content\/uploads\/2023\/04\/Lugrest_Color-1024x1024.jpg\" alt=\"\" class=\"wp-image-122 size-full\"\/><\/figure><\/div>\n","protected":false},"excerpt":{"rendered":"<p>Za\u0142o\u017cona z pasj\u0105 do jako\u015bci i dba\u0142o\u015bci\u0105 o zdrowie, LUGREST jest zaufan\u0105 mark\u0105 na rynku hurtowym od kilku lat. Nasza podr\u00f3\u017c rozpocz\u0119\u0142a si\u0119 od prostej wizji: dostarczania najwy\u017cszej jako\u015bci orzech\u00f3w, suszonych owoc\u00f3w, przypraw, nasion, kasz i fasoli klientom, kt\u00f3rzy ceni\u0105 jako\u015b\u0107 i \u015bwie\u017co\u015b\u0107. Nasi za\u0142o\u017cyciele rozpocz\u0119li LUGREST z bardzo ma\u0142ym zespo\u0142em i wielkim marzeniem. Z [&hellip;]<\/p>\n","protected":false},"author":1,"featured_media":0,"parent":0,"menu_order":0,"comment_status":"closed","ping_status":"closed","template":"","meta":{"footnotes":""},"class_list":["post-22","page","type-page","status-publish","hentry"],"_links":{"self":[{"href":"https:\/\/pl.lugrest.com\/index.php?rest_route=\/wp\/v2\/pages\/22","targetHints":{"allow":["GET"]}}],"collection":[{"href":"https:\/\/pl.lugrest.com\/index.php?rest_route=\/wp\/v2\/pages"}],"about":[{"href":"https:\/\/pl.lugrest.com\/index.php?rest_route=\/wp\/v2\/types\/page"}],"author":[{"embeddable":true,"href":"https:\/\/pl.lugrest.com\/index.php?rest_route=\/wp\/v2\/users\/1"}],"replies":[{"embeddable":true,"href":"https:\/\/pl.lugrest.com\/index.php?rest_route=%2Fwp%2Fv2%2Fcomments&post=22"}],"version-history":[{"count":10,"href":"https:\/\/pl.lugrest.com\/index.php?rest_route=\/wp\/v2\/pages\/22\/revisions"}],"predecessor-version":[{"id":270,"href":"https:\/\/pl.lugrest.com\/index.php?rest_route=\/wp\/v2\/pages\/22\/revisions\/270"}],"wp:attachment":[{"href":"https:\/\/pl.lugrest.com\/index.php?rest_route=%2Fwp%2Fv2%2Fmedia&parent=22"}],"curies":[{"name":"wp","href":"https:\/\/api.w.org\/{rel}","templated":true}]}}